et c(b) = -120*b. Let t be c(-2). Let z = -78 + t. What are the prime factors of z?
2, 3
Let k(r) = 4*r + 0*r**3 - 3*r**3 - 5 - 6*r**2 + 0*r. Suppose -276 = -10*f + 79*f. What are the prime factors of k(f)?
3, 5
Let k(x) = -x**2 - 13*x + 1. Suppose -4*s = -16, 4*r + 3*s = -0*s - 4. Let n be ((-12)/(-8))/(1/r). What are the prime factors of k(n)?
43
Let d(y) = -y**3 + 20*y**2 - 17. Let v be d(11). Let g = -615 + v. What are the prime factors of g?
457
Let y be 2/(-8) + (-1)/(-4). Let f be (-288 + 4 + y)*-1. Suppose k - 8 = 3*k, -4*m + 4*k = -f. What are the prime factors of m?
67
Let v = -174 - -109. Let g = -1981 + 1897. Let h = v - g. What are the prime factors of h?
19
Let p(y) = y**2 + 63*y + 908. What are the prime factors of p(-20)?
2, 3
Suppose -7*w - 4 = -32. Suppose 3*b - w = -b. What are the prime factors of (-3)/(b*5/(-25))?
3, 5
Suppose -n + 2*k + 7 = 0, 4*n - 2*k = -4*k + 18. Suppose 5*d = -n*w - 75, 3*d - w + 27 = d. List the prime factors of ((-48)/(-14))/((-2)/d).
2, 3
Suppose -8*w + 618 = -12198. Suppose -2411 = -3*f + 5*h, -2*f - 4*h + w = -2*h. List the prime factors of f.
2, 401
Suppose -1607034 - 522312 + 420486 = -95*x. What are the prime factors of x?
2, 3, 1499
Suppose h - 3*o - 25 = -4*h, h - 4*o - 5 = 0. Suppose -d + h*f + 295 = -255, 5*d + 4*f = 2692. What are the prime factors of d?
2, 3, 5
Let a = 403 - 1017. What are the prime factors of a/(-6) - (-4)/6?
103
Let c = -485 + 442. List the prime factors of (32/3)/((602/(-252))/c).
2, 3
Let a(h) = -4*h**3 + 4*h + 4. Let j(m) = -5*m**3 - m**2 + 3*m + 4. Let p(f) = -6*a(f) + 5*j(f). What are the prime factors of p(-6)?
2, 43
Suppose y = -3*m + 15, 4*y + 2*m - 6 = 24. Suppose -y*f - 1090 = -16*f. What are the prime factors of f?
109
Let v(x) = x**3 + 5*x**2 + 3*x + 13. Let w be v(-5). List the prime factors of (-311)/(w/(-11) + 85/(-165)).
3, 311
Suppose 2*d - 4503 = 7915. What are the prime factors of d?
7, 887
Let y be 576/15 - (-6)/(-15). Suppose y*t - 35458 = -6578. List the prime factors of t.
2, 5, 19
Let p = 59 - 59. List the prime factors of 3 + 394 + -4 + p/(-4).
3, 131
Suppose -2*j - 3*q = -2438 + 299, 4*q - 4284 = -4*j. Suppose p - 4*o - 347 = -0*p, o + j = 3*p. What are the prime factors of p?
359
Suppose 2*n + 2*n = -8, 0 = 5*c + 3*n - 19. Let o = -16 + 26. Suppose -55 = c*f - o*f. List the prime factors of f.
11
Suppose 14604305 = 758*b - 543*b. List the prime factors of b.
67927
Suppose 3*t + 5*p + 13 = 0, -p = -3*t - 4 + 21. Suppose -3*u + 12 = 0, t*g - 5*u - 16 = 104. What are the prime factors of g?
5, 7
Let r(f) be the third derivative of f**5/6 + f**4/3 - 8*f**3/3 + 12*f**2. Let b(l) be the first derivative of r(l). What are the prime factors of b(4)?
2, 11
Let c(u) = 10*u**3 - 4*u + 6. Let q be c(2). Suppose 20*k + q = 26*k. What are the prime factors of k?
13
Let g be 10/4*(-36)/(-30). Suppose 246 = 5*j + g*m, 2*j - 39 = j - 4*m. Suppose 3*n = 378 - j. What are the prime factors of n?
109
Suppose 21*n - 5*c + 2 = 17*n, n - 10 = -4*c. Suppose -15*r = -n*r - 4199. What are the prime factors of r?
17, 19
Let v be ((-45)/63)/(4/(-28)). Suppose v*a = 3*r + r + 3649, -r + 737 = a. What are the prime factors of a?
733
Let w = 26 - 38. Let n(f) = -f**2 - 10*f + 12. Let i be n(w). Let c(k) = -12*k + 9. What are the prime factors of c(i)?
3, 17
Suppose 113*s - 54*s = -235*s + 1838382. List the prime factors of s.
13, 37
Suppose -13 = -3*k + 2. Let f be (-5 - -4)*(0 - k). Suppose -12 = -f*w + 2*w, -4*w + 162 = 2*c. List the prime factors of c.
73
Let w(r) = -r + 1. Let y(k) = 9*k - 7. Let g(m) = 6*w(m) - y(m). Let b be 256/(-56) + (-9)/21. What are the prime factors of g(b)?
2, 11
Suppose -q = k + 170, q = -3*q + 2*k - 650. Let n be (-16)/(-6)*-2*q/4. Suppose 9*m - 949 = -n. What are the prime factors of m?
3
Let k(q) = -97*q + 6. Let z be k(2). Suppose 7*t - 2*t = -10. List the prime factors of (z/6)/(t/3).
47
Let a = 1130 + -1130. Let h = -229 + 429. Suppose a = -3*s - h + 716. What are the prime factors of s?
2, 43
Let m be (-16 - -5)*147/3. Let f be 3436*(-2)/18 - 2/9. Let x = f - m. What are the prime factors of x?
157
Let a(f) = -f - 5. Let o be a(-7). Suppose 3*q + 975 = o*y, 6 = -2*q + 16. What are the prime factors of y?
3, 5, 11
Suppose 23*q - 95332 + 13521 = 0. Let n = -2061 + q. What are the prime factors of n?
2, 11, 17
Let c(w) be the first derivative of -w**4/4 + 13*w**3/3 - 6*w**2 + 4*w + 1. Suppose 809 = 152*g - 863. List the prime factors of c(g).
2, 3, 19
Let q(d) = 11*d**3 - 3*d**2 + 24*d - 14. What are the prime factors of q(7)?
2, 3, 5, 7
Let w(v) = 1044*v**3 - 6*v + 3. What are the prime factors of w(2)?
3, 103
Suppose 0 = 3*f + y - 3856 - 613, 4*y = -3*f + 4466. Let c = f - 976. What are the prime factors of c?
2, 257
Suppose 5*s + 1254 - 1239 = 0, 0 = -x - 3*s + 730. What are the prime factors of x?
739
Let d(x) = 435*x**2 - 13*x + 8. Let i be d(4). What are the prime factors of i/9 - (-14)/189*-6?
2, 3
Let h be 2 + (20 - 6 - 13). Suppose 2*q - 4 = -0. Suppose -q*t = h*t - 650. What are the prime factors of t?
2, 5, 13
Let r = 773 + 491. Let i = r - -34. List the prime factors of i.
2, 11, 59
Let q = -77297 - -117103. List the prime factors of q.
2, 13, 1531
Let n be (-837)/(-12) + (-10)/(-40). Let q(r) = 9*r**2 - r + 1. Let k be q(1). Suppose -k*a - n = -11*a. What are the prime factors of a?
5, 7
Let i(c) = -2*c**3 + 3*c**2 + 31*c + 23. Let o be i(-7). Let h = o + -398. List the prime factors of h.
241
Let t = -3 + 6. Suppose -t*d + 132 = 36. Suppose n - d - 57 = 0. List the prime factors of n.
89
Let g = -7782 - -13323. Suppose -g = -12*r + 1731. List the prime factors of r/8 + (-13)/(-52).
2, 19
Suppose 70 = 3*n + 3*m - 35, -5*m + 103 = 3*n. Suppose -8*k + n + 204 = 0. Let f = k - 27. What are the prime factors of f?
3
Let s(i) = -i**3 + 26*i**2 - 27*i + 55. Let o be s(25). Suppose -1976 = -o*h + 4. List the prime factors of h.
2, 3, 11
Suppose -3*x + 14 + 10 = 0. Let s be (3 - (-2)/(-6))*30/x. Suppose 7*j - s = 2*j, 0 = -3*h + j + 379. What are the prime factors of h?
127
Suppose 3232 = 2*r - 5*v - 341, -r + 2*v = -1785. Suppose 0 = 3*w + 5*b - 1073, 5*w - r = -4*b + 5*b. List the prime factors of w.
2, 89
Let p = -109 - -77. Let m be (48/p)/(1/(-572)). Suppose u + m = 7*u. List the prime factors of u.
11, 13
Let d = 27941 - 12097. What are the prime factors of d?
2, 17, 233
Let v be 1*((0 - (4 - 3)) + -1). Let l be (v - -5)/((-3)/8). Let a(k) = -3*k + 25. List the prime factors of a(l).
7
Suppose l - 2*z + 3216 = 14613, 0 = 9*l - 4*z - 102671. List the prime factors of l.
11411
Suppose -17*q + 13*q - 4*z + 54080 = 0, 0 = z + 4. What are the prime factors of q?
2, 3, 7, 23
Let a(g) = -g**2 + 27*g + 19. Let w = 308 - 290. List the prime factors of a(w).
181
Suppose 7*d - z + 17302 = 8*d, 3*z = -d + 17314. What are the prime factors of d?
2, 23, 47
Let f be (-11)/(55/20) + 6. Let k(b) = 6*b**2 + 13*b - 3. What are the prime factors of k(f)?
47
Suppose 0 = -j + r - 4*r - 7, j + 4*r + 12 = 0. Let b(i) = -2*i**3 + 15*i**2 + 11*i - 16. Let w be b(j). Suppose -3*q = -w*q + 760. List the prime factors of q.
2, 19
Let z(h) = 102*h**2 + 19*h + 6. Let r be z(4). Suppose 0 = -5*d - p + r, -2*d + 0*p = -3*p - 672. What are the prime factors of d?
2, 3, 19
Let i be 11/((-55)/(-160)) + -5. Let h = i + -8. What are the prime factors of h?
19
Suppose -3*t = -2*t + 21. Let b(m) = -12*m - 36. Let q(r) = -11*r - 40. Let k(g) = -2*b(g) + 3*q(g). What are the prime factors of k(t)?
3, 47
List the prime factors of 84/(-231) + 58/(-22) + 17426 + 3.
2, 8713
Suppose -275*b - 58311 = -484*b. What are the prime factors of b?
3, 31
Suppose -o + 26 = 12*o. Suppose 4*j + 528 = 3*y - 1293, -y = o*j - 607. What are the prime factors of y?
607
Suppose 6*y - 14 - 4 = 0. What are the prime factors of (-1086)/(-3) - (0 + (-12)/y)?
2, 3, 61
What are the prime factors of (-717 - 101)/((-2)/13)?
13, 409
Suppose -q + 37 = 2*z + 29, 2*q + 3*z - 13 = 0. What are the prime factors of q/(-10) - (1 + (-85660)/50)?
2, 107
Suppose 120*h = 122*h + 4, -849 = -x + h. List the prime factors of x.
7, 11
Let o(q) = 5*q - 9. Let k be o(4). Suppose k*n - 19*n = -40. Suppose n*v - 556 = 54. List the prime factors of v.
2, 61
Let f = 263 - 133. Suppose s - 3*x + 72 = 0, 3*x = -3*s - 